is the greatest common divisor of 13802 and 3953?
67
What is the highest common divisor of 291617 and 2454?
409
Calculate the greatest common factor of 767328 and 168.
24
What is the highest common divisor of 94986 and 4266?
54
Calculate the highest common factor of 32 and 633616.
16
What is the greatest common factor of 102 and 81362?
34
Calculate the highest common factor of 891 and 26356.
11
What is the greatest common factor of 546 and 15918?
42
Calculate the highest common divisor of 70 and 92890.
70
Calculate the highest common divisor of 519240 and 12.
12
What is the greatest common factor of 2142 and 37162?
34
What is the greatest common factor of 3415 and 625?
5
What is the highest common divisor of 9959926 and 34?
34
Calculate the greatest common divisor of 377 and 12934.
29
What is the highest common divisor of 15 and 16580?
5
Calculate the greatest common factor of 1443347 and 796.
199
Calculate the greatest common factor of 10584 and 4424.
56
What is the highest common factor of 104 and 821158?
26
What is the highest common divisor of 6291 and 1179?
9
What is the greatest common factor of 320 and 1153088?
64
Calculate the greatest common divisor of 15 and 214400.
5
What is the highest common factor of 620 and 200012?
124
Calculate the highest common divisor of 2052 and 56810.
38
Calculate the greatest common factor of 58 and 243832.
58
Calculate the highest common divisor of 55 and 24.
1
What is the highest common factor of 180 and 27820?
20
What is the greatest common divisor of 2638836 and 92?
92
Calculate the greatest common factor of 2178 and 286.
22
What is the greatest common divisor of 203 and 1533?
7
Calculate the highest common divisor of 34580 and 60.
20
Calculate the highest common divisor of 12795 and 1995.
15
Calculate the greatest common factor of 53599 and 266.
133
What is the greatest common divisor of 394 and 1117778?
394
What is the greatest common divisor of 173 and 73?
1
What is the highest common factor of 124812 and 60?
12
Calculate the highest common divisor of 74117 and 2.
1
Calculate the highest common factor of 1290 and 829590.
30
Calculate the greatest common divisor of 65190 and 200.
10
Calculate the highest common factor of 1289 and 3976565.
1289
Calculate the greatest common factor of 12875 and 7375.
125
What is the greatest common divisor of 16135 and 875?
35
What is the highest common factor of 4674 and 3363?
57
What is the highest common divisor of 530 and 1166?
106
Calculate the highest common divisor of 48277 and 253.
23
Calculate the greatest common factor of 20449 and 30855.
121
What is the greatest common factor of 25656 and 168?
24
Calculate the highest common divisor of 26390 and 25984.
406
Calculate the highest common factor of 29733 and 9163.
187
What is the greatest common divisor of 54831 and 735?
147
Calculate the greatest common factor of 68864 and 269.
269
Calculate the greatest common divisor of 374 and 9746.
22
Calculate the highest common factor of 234251 and 38.
19
Calculate the highest common divisor of 66 and 365882.
22
What is the highest common divisor of 41552 and 2352?
784
Calculate the highest common divisor of 354568 and 1880.
376
Calculate the highest common divisor of 33 and 44495.
11
What is the highest common factor of 150 and 460350?
150
What is the greatest common divisor of 32305 and 7280?
455
Calculate the highest common factor of 564 and 35391.
141
Calculate the highest common divisor of 189 and 100296.
63
Calculate the greatest common divisor of 892 and 3340.
4
What is the greatest common divisor of 1870 and 10?
10
Calculate the highest common divisor of 7791 and 15141.
147
Calculate the highest common factor of 5891 and 77953.
137
What is the highest common divisor of 87897 and 332?
83
Calculate the highest common factor of 378 and 602658.
126
Calculate the greatest common factor of 6655740 and 1378.
1378
What is the highest common divisor of 1341085 and 366?
61
Calculate the greatest common divisor of 4606021 and 467.
467
Calculate the highest common divisor of 78112 and 640.
32
What is the highest common divisor of 360 and 5525640?
360
Calculate the highest common factor of 285 and 1815735.
285
Calculate the greatest common factor of 114777 and 26.
13
Calculate the greatest common divisor of 2992 and 5632.
176
What is the greatest common divisor of 266673 and 55?
11
Calculate the greatest common factor of 147 and 71232.
21
What is the highest common divisor of 80059 and 28?
7
What is the greatest common factor of 100868 and 1169?
167
Calculate the highest common factor of 392 and 2456174.
98
What is the highest common divisor of 870 and 160980?
30
Calculate the highest common divisor of 1100904 and 48.
24
Calculate the greatest common factor of 5916 and 7140.
204
What is the greatest common divisor of 2387517 and 7029?
2343
Calculate the greatest common divisor of 12136 and 1036.
148
What is the highest common divisor of 2388 and 852?
12
What is the highest common factor of 11 and 2072422?
11
Calculate the highest common divisor of 196 and 12320.
28
Calculate the highest common factor of 1995525 and 45.
45
What is the highest common factor of 64 and 44?
4
Calculate the highest common divisor of 1098 and 484584.
366
What is the greatest common factor of 199954 and 17?
17
What is the greatest common factor of 327320 and 260?
20
Calculate the highest common factor of 18 and 897165.
9
Calculate the highest common factor of 4915061 and 159.
53
Calculate the greatest common factor of 7973017 and 731.
731
Calculate the greatest common factor of 205986 and 66.
66
What is the greatest common divisor of 220875 and 1140?
285
What is the greatest common factor of 36 and 105444?
36
Calculate the highest common divisor of 129 and 3081165.
129
What is the highest common factor of 113587 and 183847?
1171
Calculate the greatest common divisor of 101 and 131401.
101
Calculate the greatest common factor of 215760 and 800.
80
What is the highest common divisor of 32 and 59024?
16
What is the highest common divisor of 127845 and 2025?
135
Calculate the highest common factor of 17 and 180761.
17
What is the greatest common divisor of 34058 and 2?
2
What is the highest common factor of 326314 and 7447?
677
Calculate the highest common divisor of 264 and 16054632.
264
What is the highest common divisor of 11340 and 5740?
140
What is the highest common divisor of 2247 and 225021?
321
Calculate the greatest common factor of 18 and 14346.
18
Calculate the highest common divisor of 22 and 3920972.
22
What is the greatest common factor of 808052 and 224?
28
Calculate the greatest common factor of 615 and 371255.
205
What is the greatest common divisor of 3987 and 19492?
443
Calculate the highest common divisor of 288 and 24736.
32
Calculate the highest common factor of 8343 and 68907.
309
What is the greatest common factor of 166 and 53369?
83
What is the greatest common divisor of 2559208 and 8?
8
Calculate the greatest common factor of 7104 and 6088.
8
What is the highest common factor of 80270 and 690?
230
Calculate the greatest common factor of 4402 and 6958.
142
Calculate the highest common factor of 41436 and 415511.
1151
Calculate the greatest common factor of 54205 and 2220.
185
Calculate the greatest common divisor of 52362 and 6.
6
Calculate the greatest common divisor of 104946 and 12.
6
What is the greatest common factor of 83714 and 114?
38
What is the highest common factor of 3360 and 17808?
336
Calculate the highest common factor of 9536 and 447.
149
Calculate the highest common divisor of 99 and 32208.
33
Calculate the greatest common factor of 51 and 412777.
17
What is the highest common divisor of 1512 and 59472?
504
What is the highest common factor of 2 and 16098?
2
What is the greatest common factor of 8650 and 1150?
50
What is the highest common divisor of 26720 and 256?
32
Calculate the highest common factor of 15523 and 236930.
817
What is the greatest common divisor of 1463 and 9443?
133
What is the highest common divisor of 80735 and 1005?
335
Calculate the highest common factor of 774 and 7362.
18
What is the highest common divisor of 52094 and 42?
14
What is the greatest common divisor of 154 and 39256?
14
What is the highest common divisor of 14008 and 55